{"id":5,"date":"2021-04-15T12:51:52","date_gmt":"2021-04-15T12:51:52","guid":{"rendered":"https:\/\/toiminnaksi.fi\/?page_id=5"},"modified":"2022-12-30T09:34:16","modified_gmt":"2022-12-30T09:34:16","slug":"lasten-ja-nuorten-toimintaterapia","status":"publish","type":"page","link":"https:\/\/toiminnaksi.fi\/","title":{"rendered":"Etusivu"},"content":{"rendered":"<p>&nbsp;<\/p>\r\n<p>&nbsp;<\/p>\r\n<div>\r\n<style>\r\n#more {display: none;}\r\n<\/style>\r\n<\/div>\r\n<div>\r\n<style>\r\n#more2 {display: none;}\r\n<\/style>\r\n<\/div>\r\n<div>\r\n<style>\r\n#more3 {display: none;}\r\n<\/style>\r\n<\/div>\r\n<p>\r\n<style><span style=\"display: inline-block; width: 0px; overflow: hidden; line-height: 0;\" data-mce-type=\"bookmark\" class=\"mce_SELRES_start\">\ufeff<\/span>\r\n<\/style>\r\n<\/p>\r\n<p><\/p>\r\n<h2 id=\"Etusivu1\" class=\"alignwide has-text-align-wide has-gigantic-font-size wp-block-heading\" style=\"line-height: 1.1; text-align: center;\">TOIMINNAKSI<\/h2>\r\n<p>\r\n<\/p>\r\n<p>Toiminnaksi on lasten ja nuorten toimintaterapiaa tarjoava yritys.<br \/>\r\n<br \/>\r\nOlen toimintaterapeutti Minna Littunen. Ty\u00f6skentelen Varsinais-Suomen ja Satakunnan alueella. Tapaan asiakkaitani heid\u00e4n omissa arkiymp\u00e4rist\u00f6iss\u00e4\u00e4n; kotona, koulussa, p\u00e4iv\u00e4kodissa tai iltap\u00e4iv\u00e4kerhossa. Vastaanottotilani sijaitsevat Terapiapiste Fikkarin tiloissa It\u00e4harjulla, Turussa. Ty\u00f6skentelykieli minulla on suomi ja k\u00e4yt\u00f6ss\u00e4 tukiviittomat. Asiakaspaikkoja ei ole vapaana seuraavan 3kk aikana. Kysy tarkemmin asiakastilanteesta puhelimitse. Minulla on Kelan palvelutuottajasopimus 1.1.2023 l\u00e4htien.<\/p>\r\n<div class=\"wp-block-spacer\" aria-hidden=\"true\"><\/div>\r\n<p>\r\n<\/p>\r\n<div class=\"wp-block-columns alignwide are-vertically-aligned-center is-style-twentytwentyone-columns-overlap is-layout-flex wp-container-core-columns-is-layout-9d6595d7 wp-block-columns-is-layout-flex\" style=\"display: inline-block;\">\r\n\r\n<div class=\"wp-block-column is-vertically-aligned-center is-layout-flow wp-block-column-is-layout-flow\">\r\n<\/div>\r\n<\/div>\r\n<p><!-- \/wp:post-content -->\r\n<!-- wp:columns {\"verticalAlignment\":\"top\",\"align\":\"wide\"} --><\/p>\r\n<div class=\"wp-block-columns alignwide are-vertically-aligned-top\"><!-- wp:column {\"verticalAlignment\":\"top\"} -->\r\n<div class=\"wp-block-column is-vertically-aligned-top\"><!-- wp:heading {\"level\":3} -->\r\n<h3 id=\"Otsikko1\"><br \/>\r\nMILLOIN TOIMINTATERAPIAAN?<\/h3>\r\n<!-- \/wp:heading -->\r\n<!-- wp:paragraph --> <img loading=\"lazy\" decoding=\"async\" class=\"alignnone wp-image-26 size-large\" src=\"https:\/\/toiminnaksi.fi\/wp-content\/uploads\/2021\/04\/IMG_1081.JPG-1024x768.jpeg\" alt=\"\" width=\"750\" height=\"563\" srcset=\"https:\/\/toiminnaksi.fi\/wp-content\/uploads\/2021\/04\/IMG_1081.JPG-1024x768.jpeg 1024w, https:\/\/toiminnaksi.fi\/wp-content\/uploads\/2021\/04\/IMG_1081.JPG-300x225.jpeg 300w, https:\/\/toiminnaksi.fi\/wp-content\/uploads\/2021\/04\/IMG_1081.JPG-768x576.jpeg 768w, https:\/\/toiminnaksi.fi\/wp-content\/uploads\/2021\/04\/IMG_1081.JPG-1536x1152.jpeg 1536w, https:\/\/toiminnaksi.fi\/wp-content\/uploads\/2021\/04\/IMG_1081.JPG-1568x1176.jpeg 1568w, https:\/\/toiminnaksi.fi\/wp-content\/uploads\/2021\/04\/IMG_1081.JPG.jpeg 2048w\" sizes=\"auto, (max-width: 750px) 100vw, 750px\" \/>\r\n<p>Kun lapsen on vaikea oppia jotain taitoa tai h\u00e4nelt\u00e4 menee taidon oppimiseen paljon enemm\u00e4n aikaa kuin muilta lapsilta, toimintaterapiasta voi olla hy\u00f6ty\u00e4.<span id=\"dots\">...<\/span><span id=\"more\"> <br \/>\r\n<br \/>\r\nTuntuuko uusien taitojen opettelu raskaalta lapselle? Ovatko turhautuneisuus, lannistumiset, ep\u00e4onnistumiset lapselle tuttuja asioita? Negatiivisen ketjun katkaisu on t\u00e4rke\u00e4\u00e4 ajoissa ennen haasteiden kuormittumista. Toimintaterapeutin v\u00e4liintulo voi helpottaa lapsen arkea.<br \/>\r\n<br \/>\r\nMit\u00e4 jos lapsi ei leiki? H\u00e4n voi rakennella ja ker\u00e4t\u00e4 leluja jonoon. Leikki toistuu samanlaisena eik\u00e4 lapsi kehit\u00e4 leikkiin muita toimintoja. Lapsi saattaa my\u00f6s leikki\u00e4 vain tietyill\u00e4 kiinnostuksen kohteilla, esim. autoilla, junalla, kissalla tms. Lapsen leikin kehitt\u00e4mist\u00e4 olisi hyv\u00e4 yhdess\u00e4 toimintaterapeutin kanssa harjoitella. <br \/>\r\n<br \/>\r\nLapsella on kyky oppia, mutta tarkkaamattomuus on esteen\u00e4. Lapsen katse harhailee ymp\u00e4rist\u00f6ss\u00e4 n\u00e4kyviin tai kuuluviin asioihin ja itse toiminta unohtuu. Lapsen toiminta keskeytyy usein ennen kuin lapsi on saanut asian p\u00e4\u00e4t\u00f6kseen. Toimintaterapeutti auttaa etsim\u00e4\u00e4n keinoja tarkkaavaisuuden ja huomiokyvyn yll\u00e4pit\u00e4miseen.<br \/>\r\n<br \/>\r\nOnko lapsen vaikea aloittaa toimintaa, kuten pukemista? Toimintaterapeutin keinojen kautta voi l\u00f6yty\u00e4 helpotusta arjen sujuvuuteen. <br \/>\r\n<br \/>\r\nV\u00e4ltteleek\u00f6 lapsi paikkoja tai liikuntatelinett\u00e4, keinua tai muuta leikkipuiston v\u00e4linett\u00e4. Toimintaterapeutti kartoittaa syyn v\u00e4lttelylle, kannustaa ja madaltaa kynnyst\u00e4 kyseist\u00e4 toimintaa\/paikkaa kohtaan.<br \/>\r\n<br \/>\r\nOnko lapsi altis kompuroimaan, kaatuilemaan tai h\u00e4n hakee juuri kovia tuntoaistikokemuksia. Toimintaterapeutti arvioi lapsen aistien k\u00e4sittely\u00e4, kehontuntemusta sek\u00e4 tasapainotaitoja ja opastaa perhett\u00e4 niiden tukemisessa.<br \/>\r\n<br \/>\r\nKiinnostuuko lapsi kyn\u00e4teht\u00e4vist\u00e4? Kyn\u00e4n k\u00e4ytt\u00f6 on v\u00e4h\u00e4ist\u00e4, ote on viel\u00e4 hankalann\u00e4k\u00f6inen ja kyn\u00e4n j\u00e4lki melko haparoivaa. T\u00e4ss\u00e4kin tapauksessa toimintaterapeutti omaa taidon harjaannuttaa tai l\u00f6yt\u00e4\u00e4 apuv\u00e4lineit\u00e4 kyn\u00e4teht\u00e4vien onnistumiseen. <br \/>\r\nLapsen haasteet arjessa voivat olla jotain samantyyppist\u00e4 kuin edell\u00e4, tai jotain aivan erilaista. Toimintaterapia l\u00e4htee aina yksil\u00f6llisist\u00e4 tavoitteista liikkeelle. <br \/>\r\n<\/span><\/p>\r\n<!--more-->\r\n<p>&nbsp;<\/p>\r\n\r\n<button onclick=\"myFunction()\" id=\"myBtn\">Lue Lis\u00e4\u00e4<\/button><!-- \/wp:paragraph --><\/div>\r\n<!-- \/wp:column -->\r\n<!-- wp:column {\"verticalAlignment\":\"top\"} -->\r\n<div class=\"wp-block-column is-vertically-aligned-top\"><!-- wp:heading {\"level\":3} -->\r\n<h3 id=\"Otsikko2\"><br \/>\r\nTOIMINTATERAPIA OSANA LAPSEN KUNTOUTUSTA<\/h3>\r\n<!-- \/wp:heading -->\r\n<!-- wp:paragraph --> <img loading=\"lazy\" decoding=\"async\" class=\"alignnone wp-image-25 size-large\" src=\"https:\/\/toiminnaksi.fi\/wp-content\/uploads\/2021\/04\/IMG_1069.JPG-768x1024.jpeg\" alt=\"\" width=\"750\" height=\"1000\" srcset=\"https:\/\/toiminnaksi.fi\/wp-content\/uploads\/2021\/04\/IMG_1069.JPG-768x1024.jpeg 768w, https:\/\/toiminnaksi.fi\/wp-content\/uploads\/2021\/04\/IMG_1069.JPG-225x300.jpeg 225w, https:\/\/toiminnaksi.fi\/wp-content\/uploads\/2021\/04\/IMG_1069.JPG-1152x1536.jpeg 1152w, https:\/\/toiminnaksi.fi\/wp-content\/uploads\/2021\/04\/IMG_1069.JPG.jpeg 1536w\" sizes=\"auto, (max-width: 750px) 100vw, 750px\" \/>\r\n<p>T\u00e4rkeimpi\u00e4 lapsen kuntouttajia ovat lapsen parhaiten tuntevat ja arjessa jaksavat sankarit, vanhemmat. Toimintaterapeutti pyrkii vanhempia tukien l\u00f6yt\u00e4m\u00e4\u00e4n lapsen haasteiden syyt ja auttamaan lasta ja h\u00e4nen perhett\u00e4\u00e4n arjesta selviytymisess\u00e4.<span id=\"dots2\">...<\/span><span id=\"more2\"> Jokaisella lapsella on omat vahvuutensa, joita hy\u00f6dynt\u00e4m\u00e4ll\u00e4 lapsi motivoituu kohtaamaan vaikeampiakin haasteita.<br \/>\r\n<br \/>\r\nToimintaterapia on siis suuri ja t\u00e4rke\u00e4 osa lapsen kuntoutusta.Ty\u00f6t\u00e4ni ohjaa ICF-viitekehys. Toimintaterapian tavoitteena on mahdollistaa lapsen osallistuminen arkip\u00e4iv\u00e4n toimintoihin tukemalla lasta ja h\u00e4nen perheett\u00e4\u00e4n. <br \/>\r\nToimintaterapiassa l\u00e4hdet\u00e4\u00e4n erilaisten toimintojen ja leikin avulla saavuttamaan lapselle asetettuja tavoitteita. Tavoitteet kohdentuvat juuri lapsen omaan p\u00e4iv\u00e4\u00e4n, omaan koti-, p\u00e4iv\u00e4koti- tai kouluymp\u00e4rist\u00f6\u00f6n, jolloin hyv\u00e4ll\u00e4 yhteisty\u00f6ll\u00e4 ja l\u00e4hiymp\u00e4rist\u00f6n ohjauksella on t\u00e4rke\u00e4 merkitys toimintaterapian vaikuttavuuteen.<\/span><\/p>\r\n<p>&nbsp;<\/p>\r\n\r\n<button onclick=\"myFunction2()\" id=\"myBtn2\">Lue Lis\u00e4\u00e4<\/button> <!-- \/wp:paragraph --><\/div>\r\n<!-- \/wp:column -->\r\n<!-- wp:column {\"verticalAlignment\":\"top\"} -->\r\n<div class=\"wp-block-column is-vertically-aligned-top\"><!-- wp:heading {\"level\":3} -->\r\n<h3 id=\"Otsikko3\"><br \/>\r\nTOIMINTATERAPEUTTI<\/h3>\r\n<!-- \/wp:heading -->\r\n<!-- wp:paragraph --> <img loading=\"lazy\" decoding=\"async\" class=\"alignnone wp-image-30 size-large\" src=\"https:\/\/toiminnaksi.fi\/wp-content\/uploads\/2021\/04\/IMG_1163.JPG-768x1024.jpeg\" alt=\"\" width=\"750\" height=\"1000\" srcset=\"https:\/\/toiminnaksi.fi\/wp-content\/uploads\/2021\/04\/IMG_1163.JPG-768x1024.jpeg 768w, https:\/\/toiminnaksi.fi\/wp-content\/uploads\/2021\/04\/IMG_1163.JPG-225x300.jpeg 225w, https:\/\/toiminnaksi.fi\/wp-content\/uploads\/2021\/04\/IMG_1163.JPG-1152x1536.jpeg 1152w, https:\/\/toiminnaksi.fi\/wp-content\/uploads\/2021\/04\/IMG_1163.JPG.jpeg 1536w\" sizes=\"auto, (max-width: 750px) 100vw, 750px\" \/>\r\n<p>Olen valmistunut 2018 toimintaterapeutiksi. Asiakkaani ovat alakouluik\u00e4iset sek\u00e4 alle kouluik\u00e4iset lapset. Ty\u00f6kokemusta minulle on karttunut mm. aistik\u00e4sittelyyn liittyvist\u00e4 haasteista, sy\u00f6misongelmista, kehitysviiv\u00e4stymist\u00e4, autismikirjon piirteist\u00e4, sensomotorisista vaikeuksista sek\u00e4 muista lapsen osallistumista rajoittavista tekij\u00f6ist\u00e4.<span id=\"dots3\">...<\/span><\/p>\r\n<div id=\"more3\">Aikaisemmalta koulutukseltani olen kasvatustieteiden kandidaatti, eli varhaiskasvatuksen opettaja. Olen ty\u00f6skennellyt p\u00e4iv\u00e4kodeissa l\u00e4hes 14 vuoden ajan ja ammennan suuresti t\u00e4t\u00e4 kokemusta nykyisess\u00e4 ty\u00f6ss\u00e4nikin. Lis\u00e4- ja t\u00e4ydennyskoulutukset:<br \/>\r\n<br \/>\r\n<ul>\r\n<ul>\u2022 SI-koulutus A ja B-osa<\/ul>\r\n<\/ul>\r\n<br \/>\r\n<ul>\r\n<ul>\u2022 GAS - Tavoitteen asettamisen ja saavuttamisen arvioinnin menetelm\u00e4<\/ul>\r\n<\/ul>\r\n<br \/>\r\n<ul>\r\n<ul>\u2022 N\u00e4k\u00f6kulmia ADHD:n ja Autismikirjon kuntoutukseen: Sosiaalisen toimintakyvyn, tarkkaavuuden ja toiminnanohjauksen tukeminen. PSYKE.<\/ul>\r\n<\/ul>\r\n<br \/>\r\n<ul>\r\n<ul>\u2022 Zones of Regulation-menetelm\u00e4<\/ul>\r\n<\/ul>\r\n<br \/>\r\n<ul>\r\n<ul>\u2022 Tuen tarpeessa olevat lapset varhaiskasvatuksessa<\/ul>\r\n<\/ul>\r\n<br \/>\r\n<ul>\r\n<ul>\u2022 Psykomotoriset liikuntamenetelm\u00e4t lapsen kasvun ja kehityksen tukena<\/ul>\r\n<\/ul>\r\n<br \/>\r\n<ul>\r\n<ul>\u2022 Psykomotoristen liikuntamenetelmien jatkokurssi<\/ul>\r\n<\/ul>\r\n<br \/>\r\n<ul>\r\n<ul>\u2022 SDM-harjoitusohjelman peruskurssi (Sherbone Developmental Movement)<\/ul>\r\n<\/ul>\r\n<br \/>\r\n<br \/>\r\nAsun mieheni sek\u00e4 kahden lapseni kanssa Turussa. Nautin ulkoilusta, retkeilyst\u00e4, tanssista, uimisesta sek\u00e4 viihdyn useiden talviharrastusten parissa.<\/div>\r\n\r\n<button onclick=\"myFunction3()\" id=\"myBtn3\">Lue Lis\u00e4\u00e4<\/button> <!-- \/wp:paragraph --><\/div>\r\n<!-- \/wp:column --><\/div>\r\n<p><!--more--><\/p>\r\n<p><!-- \/wp:columns -->\r\n<!-- wp:spacer --><\/p>\r\n<div class=\"wp-block-spacer\" style=\"height: 100px;\" aria-hidden=\"true\"><\/div>\r\n<p><!-- \/wp:spacer -->\r\n<!-- wp:cover {\"overlayColor\":\"White\",\"contentPosition\":\"center center\",\"align\":\"wide\",\"className\":\"is-style-twentytwentyone-border\"} --><\/p>\r\n<div class=\"wp-block-cover alignwide has-background-dim is-style-twentytwentyone-border\" style=\"background-color: whitesmoke; color: black;\">\r\n<div class=\"wp-block-cover__inner-container\" style=\"color: black;\"><!-- wp:spacer {\"height\":20} \/-->\r\n<!-- wp:paragraph {\"fontSize\":\"huge\"} -->\r\n<p id=\"yhteystiedot\" class=\"has-huge-font-size\">Yhteystiedot<\/p>\r\n<!-- \/wp:paragraph -->\r\n<!-- wp:spacer {\"height\":75} \/-->\r\n<!-- wp:columns -->\r\n<div class=\"wp-block-columns\"><!-- wp:column -->\r\n<div class=\"wp-block-column\"><!-- wp:paragraph -->\r\n<div class=\"Minna-container\"><img loading=\"lazy\" decoding=\"async\" class=\"alignnone wp-image-31 size-Medium\" id=\"Minna\" src=\"https:\/\/toiminnaksi.fi\/wp-content\/uploads\/2021\/04\/IMG_1190.JPG-768x1024.jpeg\" alt=\"kuva: Minna Littunen\" width=\"750\" height=\"1000\" srcset=\"https:\/\/toiminnaksi.fi\/wp-content\/uploads\/2021\/04\/IMG_1190.JPG-768x1024.jpeg 768w, https:\/\/toiminnaksi.fi\/wp-content\/uploads\/2021\/04\/IMG_1190.JPG-225x300.jpeg 225w, https:\/\/toiminnaksi.fi\/wp-content\/uploads\/2021\/04\/IMG_1190.JPG-1152x1536.jpeg 1152w, https:\/\/toiminnaksi.fi\/wp-content\/uploads\/2021\/04\/IMG_1190.JPG.jpeg 1536w\" sizes=\"auto, (max-width: 750px) 100vw, 750px\" \/><\/div>\r\n<div class=\"laatikko\">\r\n<h4>Toiminnaksi<br \/>\r\n<span style=\"font-size: 12pt;\">(Y-tunnus: 3177010-4)<\/span><\/h4>\r\n<p><br \/>\r\nMinna Littunen<br \/>\r\n<br \/>\r\n<span style=\"font-size: 12pt;\"><span class=\"dashicons dashicons-phone\"><\/span> 04578321406<\/span><br \/>\r\n<span style=\"font-size: 12pt;\"><span class=\"dashicons dashicons-email\"><\/span> Minna.Littunen@toiminnaksi.fi<\/span><br \/>\r\n<span style=\"font-size: 12pt;\"><span class=\"dashicons dashicons-location-alt\"><\/span> Sijainti: <a href=\"https:\/\/www.terapiapistefikkari.com\/\">Terapiapiste Fikkari<\/a><\/span><br \/>\r\n<span style=\"font-size: 12pt;\"><a href=\"https:\/\/goo.gl\/maps\/PcBnBQY44GMkJ6Dj7\">Vanha Littoistentie 73<\/a>, 20540 TURKU<\/span><br \/>\r\n<br \/>\r\n<iframe width=\"600\" height=\"450\" style=\"border: 0;\" src=\"https:\/\/www.google.com\/maps\/embed?pb=!1m18!1m12!1m3!1d1967.758958320298!2d22.322020816401526!3d60.44919468206463!2m3!1f0!2f0!3f0!3m2!1i1024!2i768!4f13.1!3m3!1m2!1s0x468c76cf6ce06d4b%3A0x79de2434e25c5427!2sVanha%20Littoistentie%2073%2C%2020540%20Turku!5e0!3m2!1sfi!2sfi!4v1619176469015!5m2!1sfi!2sfi\" allowfullscreen=\"allowfullscreen\" loading=\"lazy\"><\/iframe><\/p>\r\n<p>&nbsp;<\/p>\r\n<\/div>\r\n<p><br \/>\r\nHy\u00f6dyllisi\u00e4 linkkej\u00e4:<br \/>\r\n<a href=\"http:\/\/www.terapiapistefikkari.com\/\">Fikkari<\/a><br \/>\r\n<a href=\"http:\/\/Kela.fi\">Kela<\/a><\/p>\r\n<a href=\"https:\/\/toiminnaksi.fi\/wp-content\/uploads\/2021\/04\/TIETOSUOJASELOSTE.pdf\"><img loading=\"lazy\" decoding=\"async\" class=\"alignnone size-full wp-image-34\" src=\"https:\/\/toiminnaksi.fi\/wp-content\/uploads\/2021\/04\/pdf-download-small.png\" alt=\"\" width=\"38\" height=\"45\" \/>TIETOSUOJASELOSTE<\/a><br \/>\r\n<span style=\"font-size: 12pt;\"><br \/>\r\nKuvat: Petra Lundman<\/span><br \/>\r\n<br \/>\r\n<br \/>\r\n<a style=\"float: right;\" href=\"#Etusivu1\">Takaisin yl\u00f6s<\/a>\r\n<div class=\"wp-block-column\"><!-- \/wp:paragraph --><\/div>\r\n<\/div>\r\n<!-- \/wp:column --><\/div>\r\n<!-- \/wp:columns -->\r\n<!-- wp:spacer {\"height\":20} -->\r\n<div class=\"wp-block-spacer\" style=\"height: 20px;\" aria-hidden=\"true\"><\/div>\r\n<!-- \/wp:spacer --><\/div>\r\n<\/div>\r\n<p><!-- \/wp:cover --><\/p>\r\n<p><script>\r\nfunction myFunction() {\r\n  var dots = document.getElementById(\"dots\");\r\n  var moreText = document.getElementById(\"more\");\r\n  var btnText = document.getElementById(\"myBtn\");\r\n\r\n  if (dots.style.display === \"none\") {\r\n    dots.style.display = \"inline\";\r\n    btnText.innerHTML = \"Lue Lis\u00e4\u00e4\"; \r\n    moreText.style.display = \"none\";\r\n  } else {\r\n    dots.style.display = \"none\";\r\n    btnText.innerHTML = \"<a href='#Otsikko1' class='white-link'>Lue V\u00e4hemm\u00e4n<\/a>\"; \r\n    moreText.style.display = \"inline\";\r\n  }\r\n}\r\n<\/script><\/p>\r\n<p><script>\r\nfunction myFunction2() {\r\n  var dots2 = document.getElementById(\"dots2\");\r\n  var moreText2 = document.getElementById(\"more2\");\r\n  var btnText2 = document.getElementById(\"myBtn2\");\r\n\r\n  if (dots2.style.display === \"none\") {\r\n    dots2.style.display = \"inline\";\r\n    btnText2.innerHTML = \"Lue Lis\u00e4\u00e4\"; \r\n    moreText2.style.display = \"none\";\r\n  } else {\r\n    dots2.style.display = \"none\";\r\n    btnText2.innerHTML = \"<a href='#Otsikko2' class='white-link'>Lue V\u00e4hemm\u00e4n<\/a>\"; \r\n    moreText2.style.display = \"inline\";\r\n  }\r\n}\r\n<\/script><\/p>\r\n<p><script>\r\nfunction myFunction3() {\r\n  var dots3 = document.getElementById(\"dots3\");\r\n  var moreText3 = document.getElementById(\"more3\");\r\n  var btnText3 = document.getElementById(\"myBtn3\");\r\n\r\n  if (dots3.style.display === \"none\") {\r\n    dots3.style.display = \"inline\";\r\n    btnText3.innerHTML = \"Lue Lis\u00e4\u00e4\"; \r\n    moreText3.style.display = \"none\";\r\n  } else {\r\n    dots3.style.display = \"none\";\r\n    btnText3.innerHTML = \"<a href='#Otsikko3' class='white-link'>Lue V\u00e4hemm\u00e4n<\/a>\"; \r\n    moreText3.style.display = \"inline\";\r\n  }\r\n}\r\n<\/script><\/p>","protected":false},"excerpt":{"rendered":"<p>&nbsp; &nbsp; TOIMINNAKSI MILLOIN TOIMINTATERAPIAAN? Kun lapsen on vaikea oppia jotain taitoa tai h\u00e4nelt\u00e4 menee taidon oppimiseen paljon enemm\u00e4n aikaa kuin muilta lapsilta, toimintaterapiasta voi olla hy\u00f6ty\u00e4&#8230;. Tuntuuko uusien taitojen opettelu raskaalta lapselle? Ovatko turhautuneisuus, lannistumiset, ep\u00e4onnistumiset lapselle tuttuja asioita? Negatiivisen ketjun katkaisu on t\u00e4rke\u00e4\u00e4 ajoissa ennen haasteiden kuormittumista. Toimintaterapeutin v\u00e4liintulo voi helpottaa lapsen arkea.&hellip; <a class=\"more-link\" href=\"https:\/\/toiminnaksi.fi\/\">Jatka lukemista <span class=\"screen-reader-text\">Etusivu<\/span><\/a><\/p>\n","protected":false},"author":1,"featured_media":0,"parent":0,"menu_order":0,"comment_status":"closed","ping_status":"closed","template":"","meta":{"footnotes":""},"class_list":["post-5","page","type-page","status-publish","hentry","entry"],"yoast_head":"<!-- This site is optimized with the Yoast SEO plugin v27.6 - https:\/\/yoast.com\/product\/yoast-seo-wordpress\/ -->\n<title>Etusivu - Yksi-kaksi-Toiminnaksi<\/title>\n<meta name=\"description\" content=\"Toiminnaksi on lasten ja nuorten toimintaterapiaa tarjoava yritys. Olen Minna Littunen ja toimin Terapiapiste Fikkarin tiloissa Turussa\" \/>\n<meta name=\"robots\" content=\"index, nofollow, max-snippet:-1, max-image-preview:large, max-video-preview:-1\" \/>\n<link rel=\"canonical\" href=\"https:\/\/toiminnaksi.fi\/\" \/>\n<meta property=\"og:locale\" content=\"fi_FI\" \/>\n<meta property=\"og:type\" content=\"article\" \/>\n<meta property=\"og:title\" content=\"Etusivu - Yksi-kaksi-Toiminnaksi\" \/>\n<meta property=\"og:description\" content=\"Toiminnaksi on lasten ja nuorten toimintaterapiaa tarjoava yritys. Olen Minna Littunen ja toimin Terapiapiste Fikkarin tiloissa Turussa\" \/>\n<meta property=\"og:url\" content=\"https:\/\/toiminnaksi.fi\/\" \/>\n<meta property=\"og:site_name\" content=\"Yksi-kaksi-Toiminnaksi\" \/>\n<meta property=\"article:modified_time\" content=\"2022-12-30T09:34:16+00:00\" \/>\n<meta property=\"og:image\" content=\"https:\/\/toiminnaksi.fi\/wp-content\/uploads\/2021\/04\/IMG_1081.JPG-1024x768.jpeg\" \/>\n<meta name=\"twitter:card\" content=\"summary_large_image\" \/>\n<meta name=\"twitter:label1\" content=\"Arvioitu lukuaika\" \/>\n\t<meta name=\"twitter:data1\" content=\"6 minuuttia\" \/>\n<script type=\"application\/ld+json\" class=\"yoast-schema-graph\">{\"@context\":\"https:\\\/\\\/schema.org\",\"@graph\":[{\"@type\":\"WebPage\",\"@id\":\"https:\\\/\\\/toiminnaksi.fi\\\/\",\"url\":\"https:\\\/\\\/toiminnaksi.fi\\\/\",\"name\":\"Etusivu - Yksi-kaksi-Toiminnaksi\",\"isPartOf\":{\"@id\":\"https:\\\/\\\/toiminnaksi.fi\\\/#website\"},\"primaryImageOfPage\":{\"@id\":\"https:\\\/\\\/toiminnaksi.fi\\\/#primaryimage\"},\"image\":{\"@id\":\"https:\\\/\\\/toiminnaksi.fi\\\/#primaryimage\"},\"thumbnailUrl\":\"https:\\\/\\\/toiminnaksi.fi\\\/wp-content\\\/uploads\\\/2021\\\/04\\\/IMG_1081.JPG-1024x768.jpeg\",\"datePublished\":\"2021-04-15T12:51:52+00:00\",\"dateModified\":\"2022-12-30T09:34:16+00:00\",\"description\":\"Toiminnaksi on lasten ja nuorten toimintaterapiaa tarjoava yritys. Olen Minna Littunen ja toimin Terapiapiste Fikkarin tiloissa Turussa\",\"breadcrumb\":{\"@id\":\"https:\\\/\\\/toiminnaksi.fi\\\/#breadcrumb\"},\"inLanguage\":\"fi\",\"potentialAction\":[{\"@type\":\"ReadAction\",\"target\":[\"https:\\\/\\\/toiminnaksi.fi\\\/\"]}]},{\"@type\":\"ImageObject\",\"inLanguage\":\"fi\",\"@id\":\"https:\\\/\\\/toiminnaksi.fi\\\/#primaryimage\",\"url\":\"https:\\\/\\\/toiminnaksi.fi\\\/wp-content\\\/uploads\\\/2021\\\/04\\\/IMG_1081.JPG.jpeg\",\"contentUrl\":\"https:\\\/\\\/toiminnaksi.fi\\\/wp-content\\\/uploads\\\/2021\\\/04\\\/IMG_1081.JPG.jpeg\",\"width\":2048,\"height\":1536,\"caption\":\"Leikki\"},{\"@type\":\"BreadcrumbList\",\"@id\":\"https:\\\/\\\/toiminnaksi.fi\\\/#breadcrumb\",\"itemListElement\":[{\"@type\":\"ListItem\",\"position\":1,\"name\":\"Etusivu\",\"item\":\"https:\\\/\\\/toiminnaksi.fi\\\/\"},{\"@type\":\"ListItem\",\"position\":2,\"name\":\"Etusivu\"}]},{\"@type\":\"WebSite\",\"@id\":\"https:\\\/\\\/toiminnaksi.fi\\\/#website\",\"url\":\"https:\\\/\\\/toiminnaksi.fi\\\/\",\"name\":\"Yksi-kaksi-Toiminnaksi\",\"description\":\"\",\"potentialAction\":[{\"@type\":\"SearchAction\",\"target\":{\"@type\":\"EntryPoint\",\"urlTemplate\":\"https:\\\/\\\/toiminnaksi.fi\\\/?s={search_term_string}\"},\"query-input\":{\"@type\":\"PropertyValueSpecification\",\"valueRequired\":true,\"valueName\":\"search_term_string\"}}],\"inLanguage\":\"fi\"}]}<\/script>\n<!-- \/ Yoast SEO plugin. -->","yoast_head_json":{"title":"Etusivu - Yksi-kaksi-Toiminnaksi","description":"Toiminnaksi on lasten ja nuorten toimintaterapiaa tarjoava yritys. Olen Minna Littunen ja toimin Terapiapiste Fikkarin tiloissa Turussa","robots":{"index":"index","follow":"nofollow","max-snippet":"max-snippet:-1","max-image-preview":"max-image-preview:large","max-video-preview":"max-video-preview:-1"},"canonical":"https:\/\/toiminnaksi.fi\/","og_locale":"fi_FI","og_type":"article","og_title":"Etusivu - Yksi-kaksi-Toiminnaksi","og_description":"Toiminnaksi on lasten ja nuorten toimintaterapiaa tarjoava yritys. Olen Minna Littunen ja toimin Terapiapiste Fikkarin tiloissa Turussa","og_url":"https:\/\/toiminnaksi.fi\/","og_site_name":"Yksi-kaksi-Toiminnaksi","article_modified_time":"2022-12-30T09:34:16+00:00","og_image":[{"url":"https:\/\/toiminnaksi.fi\/wp-content\/uploads\/2021\/04\/IMG_1081.JPG-1024x768.jpeg","type":"","width":"","height":""}],"twitter_card":"summary_large_image","twitter_misc":{"Arvioitu lukuaika":"6 minuuttia"},"schema":{"@context":"https:\/\/schema.org","@graph":[{"@type":"WebPage","@id":"https:\/\/toiminnaksi.fi\/","url":"https:\/\/toiminnaksi.fi\/","name":"Etusivu - Yksi-kaksi-Toiminnaksi","isPartOf":{"@id":"https:\/\/toiminnaksi.fi\/#website"},"primaryImageOfPage":{"@id":"https:\/\/toiminnaksi.fi\/#primaryimage"},"image":{"@id":"https:\/\/toiminnaksi.fi\/#primaryimage"},"thumbnailUrl":"https:\/\/toiminnaksi.fi\/wp-content\/uploads\/2021\/04\/IMG_1081.JPG-1024x768.jpeg","datePublished":"2021-04-15T12:51:52+00:00","dateModified":"2022-12-30T09:34:16+00:00","description":"Toiminnaksi on lasten ja nuorten toimintaterapiaa tarjoava yritys. Olen Minna Littunen ja toimin Terapiapiste Fikkarin tiloissa Turussa","breadcrumb":{"@id":"https:\/\/toiminnaksi.fi\/#breadcrumb"},"inLanguage":"fi","potentialAction":[{"@type":"ReadAction","target":["https:\/\/toiminnaksi.fi\/"]}]},{"@type":"ImageObject","inLanguage":"fi","@id":"https:\/\/toiminnaksi.fi\/#primaryimage","url":"https:\/\/toiminnaksi.fi\/wp-content\/uploads\/2021\/04\/IMG_1081.JPG.jpeg","contentUrl":"https:\/\/toiminnaksi.fi\/wp-content\/uploads\/2021\/04\/IMG_1081.JPG.jpeg","width":2048,"height":1536,"caption":"Leikki"},{"@type":"BreadcrumbList","@id":"https:\/\/toiminnaksi.fi\/#breadcrumb","itemListElement":[{"@type":"ListItem","position":1,"name":"Etusivu","item":"https:\/\/toiminnaksi.fi\/"},{"@type":"ListItem","position":2,"name":"Etusivu"}]},{"@type":"WebSite","@id":"https:\/\/toiminnaksi.fi\/#website","url":"https:\/\/toiminnaksi.fi\/","name":"Yksi-kaksi-Toiminnaksi","description":"","potentialAction":[{"@type":"SearchAction","target":{"@type":"EntryPoint","urlTemplate":"https:\/\/toiminnaksi.fi\/?s={search_term_string}"},"query-input":{"@type":"PropertyValueSpecification","valueRequired":true,"valueName":"search_term_string"}}],"inLanguage":"fi"}]}},"_links":{"self":[{"href":"https:\/\/toiminnaksi.fi\/index.php?rest_route=\/wp\/v2\/pages\/5","targetHints":{"allow":["GET"]}}],"collection":[{"href":"https:\/\/toiminnaksi.fi\/index.php?rest_route=\/wp\/v2\/pages"}],"about":[{"href":"https:\/\/toiminnaksi.fi\/index.php?rest_route=\/wp\/v2\/types\/page"}],"author":[{"embeddable":true,"href":"https:\/\/toiminnaksi.fi\/index.php?rest_route=\/wp\/v2\/users\/1"}],"replies":[{"embeddable":true,"href":"https:\/\/toiminnaksi.fi\/index.php?rest_route=%2Fwp%2Fv2%2Fcomments&post=5"}],"version-history":[{"count":234,"href":"https:\/\/toiminnaksi.fi\/index.php?rest_route=\/wp\/v2\/pages\/5\/revisions"}],"predecessor-version":[{"id":395,"href":"https:\/\/toiminnaksi.fi\/index.php?rest_route=\/wp\/v2\/pages\/5\/revisions\/395"}],"wp:attachment":[{"href":"https:\/\/toiminnaksi.fi\/index.php?rest_route=%2Fwp%2Fv2%2Fmedia&parent=5"}],"curies":[{"name":"wp","href":"https:\/\/api.w.org\/{rel}","templated":true}]}}